 - (-4 + 10)?
-4
Calculate -35 + 30 + -3 + 1 + 10.
3
Evaluate 18 - 18 - (-7 - -2).
5
Evaluate 8 + (5 + -2 - (3 + 2)).
6
What is the value of 8 - (-4 + (4 - -5))?
3
Evaluate (1 - 7) + 24 + (-4 - 4).
10
Evaluate 3 + -7 + 4 + 1.
1
What is 5 - (-5 + 6 + 5)?
-1
Calculate (2 - 10) + 3 + -2 - -2.
-5
What is the value of 1 - (6 + -8 + 5 + 0)?
-2
Evaluate 2 - 2 - (2 - (3 + 2)).
3
Calculate 0 - (4 + (5 - 14) + -3).
8
What is the value of -2 - (0 - 6) - (12 + -8)?
0
What is -1 + 13 + -10 + 5?
7
Evaluate -2 - (-1 + 5) - (-3 + 3).
-6
Calculate (14 + -5 - 3) + -7 + 2.
1
Calculate (-2 - 2) + -6 + 7 + 4.
1
Calculate 8 + -2 - (7 - (7 + 2)).
8
Calculate (-4 - -3) + (8 - 7).
0
Calculate 2 + 8 + (-11 + 7 - 2).
4
Calculate -5 + 11 - 8 - -3.
1
Calculate 8 + 8 + -25 - -12.
3
Evaluate (8 - 10) + (1 - -3) - -3.
5
2 + 0 + 0 - -3
5
Evaluate -6 - -1 - (5 + -6).
-4
What is the value of 16 + -20 - (0 + -4)?
0
What is the value of -8 - (8 + -17 + 9)?
-8
Evaluate 5 + 3 + -5 + (0 - -2).
5
What is the value of 2 + (3 + -8 - -6)?
3
What is the value of (-5 - -6) + (3 - (1 + 2))?
1
Calculate 3 + 1 + -1 + (-2 - -1).
2
What is -3 + -1 + 6 + -3 + -2?
-3
What is -6 + (-10 - -23) + -1?
6
Evaluate -2 + 2 + -1 + 1.
0
-1 - (0 + (5 - 7))
1
Evaluate 4 - (-3 + 7) - 1.
-1
Calculate -3 + (7 - 13) - -16.
7
Evaluate 7 + 2 + -1 + -9.
-1
What is the value of -3 - (4 - 12) - 11?
-6
Calculate 2 - 1 - (8 + -8).
1
What is -2 + (8 - (-9 - -12))?
3
-2 + (-3 - -4 - 1) + 2
0
Calculate -5 + 0 + 2 + 2.
-1
Calculate 1 + 1 - (36 - 38).
4
Calculate -1 + (3 - (-1 - 2)).
5
Calculate 7 + (-22 - (-3 - 6)).
-6
What is -9 + 8 - (-3 + 1 - 1)?
2
What is 3 - (2 + (1 - (-8 - -5)))?
-3
What is -9 + (-1 - -5 - (-5 - -5))?
-5
5 + (-1 - 6 - -9)
7
What is the value of 1 + -3 + (-2 - -2 - -1)?
-1
What is (-2 - 1) + (-4 - -8)?
1
Evaluate -6 + 1 - (4 - 6).
-3
What is the value of 6 + -7 + 4 + -7?
-4
Evaluate -1 - (-2 + (-4 + 5 - -1)).
-1
What is the value of 5 + 1 + (1 - 2)?
5
(3 - 0) + (-11 - (1 + -13))
4
Calculate (2 - 9) + 8 + -5.
-4
3 - 0 - (7 - (15 + -7))
4
What is the value of (-7 - 5) + (-4 - (-12 - -3))?
-7
Evaluate (2 + 2 - (6 - 3)) + 1.
2
Evaluate 2 + (-1 - -3) + -5 + 5.
4
9 - 9 - (0 - 1)
1
-1 + -2 + 0 - (-28 - -27)
-2
What is the value of -7 + (-3 - (-10 - -3))?
-3
Evaluate 1 + -1 + 6 - (-247 + 251).
2
Calculate 8 - 6 - (-8 - -6).
4
0 - -2 - (20 - 18)
0
What is the value of 9 + -10 + -4 + 2 + -2?
-5
What is the value of 0 + -5 - (-11 + 10 - 8)?
4
What is the value of (1 - 1 - 2 - 0) + 2?
0
Calculate -6 + -7 - (-8 - 3).
-2
-22 + 3 - -19 - (2 - 4)
2
Calculate -19 - ((-25 - -3) + 12).
-9
Calculate -6 + 1 - (-6 + (9 - 5)).
-3
What is the value of 4 + (-5 - (4 - 3))?
-2
What is the value of 7 + (-18 + 2 - -5)?
-4
What is 2 + 39 + -31 + (-3 - -2)?
9
Evaluate -1 - (-9 - (-1 - 6)).
1
Calculate 0 + (2 - 0 - (1 - -4)).
-3
(1 - 8 - -18) + -6 - 7
-2
Calculate -1 + (0 - (0 - -1) - 0).
-2
What is the value of (-1 - (-2 - -2)) + 7 + -6?
0
(0 + 9 - 6) + 0 + -2
1
Calculate (15 - -5) + (-7 - 4).
9
-4 + (21 - (-5 + 9)) + -5
8
What is the value of (7 + 1 - 6) + (-1 - -1)?
2
What is 9 - (-7 + 5) - 11?
0
(-5 - (-3 - (0 - 2))) + 7
3
What is 1 + 1 + (-11 - -9)?
0
2 + -2 + -2 - 2 - -1
-3
What is the value of -20 + (5 - -13) + (0 - -1)?
-1
What is the value of 3 + (-5 + 2 - -1)?
1
What is (1 - (1 + 0 + 5)) + 3?
-2
What is 1 - (0 - (2 - 2))?
1
What is the value of (-3 - (4 + -6)) + 9?
8
4 - (-3 - -7) - (4 + 1)
-5
7 - -1 - ((6 - -9) + -5)
-2
What is (1 - 2) + (-3 - 2) + 10?
4
What is the value of -3 + (7 - 3 - 7) + 10?
4
-12 - -6 - -7 - 7 - -1
-5
What is the value of 10 + -4 + (-70 - -53)?
-11
-2 + (3 - 3) + 6 + -8
-4
-9 + 10 + -1 + 2
2
What is -9 - (-9 + -17 - -10)?
7
-6 - (3 + -7 - -2)
-4
Evaluate 1 - (-4 + (3 - 0)).
2
What is -3 + (4 - (-2 - 0))?
3
14 - 2 - (-7 + 7 + 8)
4
What is the value of -4 + 10 + -2 + -1?
3
Calculate 5 + (-7 - (6 + -6)).
-2
-9 + 4 - (-3 - (-2 + 2))
-2
-9 - -4 - (-1 - -2 - 3)
-3
4 + 5 + 3 + -2 + -5
5
What is 2 + -10 + 8 + (0 - 0)?
0
Evaluate 0 - (-4 - -1 - -2).
1
4 + -1 + -2 + -1 - -1
1
0 + -1 - ((1 - 0) + -1)
-1
What is 3 + -10 + (-22 - -26)?
-3
What is the value of 6 - (5 - (-3 - 3))?
-5
What is 3 - (-2 + 2) - (0 + 4)?
-1
Evaluate 1 + -4 - (1 + -2).
-2
What is 2 - (1 - (-2 + 0 + 1))?
0
-1 + 0 + (-10 - (-15 - -4))
0
(2 - 23 - -12) + 5 + -1
-5
Evaluate (16 - 5) + (-17 - -2).
-4
What is 0 + -5 - 3 - -4?
-4
2 - (-2 + (1 - 2) + 1)
4
13 - (3 + (5 + -5 - -4))
6
Evaluate 10 - (14 - 7) - (2 - 1).
2
What is 6 + (-8 - (-9 + 4))?
3
Calculate -1 - (0 + 4 - 4).
-1
Evaluate -4 - 2 - (2 + -3).
-5
2 - (-9 - -7) - (2 - -2)
0
2 + -5 + (5 - 7)
-5
Calculate -1 - (3 + -9) - (2 - -2).
1
Calculate 4 - 1 - (6 - (2 + -4)).
-5
Evaluate (-15 - -8) + 3 + 7 - 8.
-5
Evaluate -1 + (6 - 9 - -2).
-2
(10 - 6 - (-3 + -1)) + -3
5
What is 37 + -30 - (5 - 0)?
2
Evaluate (1 - 10) + -109 + 119.
1
-4 - (-6 + 4 - -2)
-4
-2 - (-1 - 2 - (5 - 2))
4
What is the value of 4 + (-8 - (-4 - 0))?
0
What is -6 + 2 + -1 + -3 + 3?
-5
Calculate -6 + 0 - (32 + -40).
2
What is the value of (5 - 8) + 1 + 3?
1
What is the value of (4 - 4) + 3 + 0?
3
Evaluate -24 + 12 + 17 + 3.
8
-2 + 0 + 3 + 1
2
What is the value of 12 - (-3 - (-7 + 0) - -2)?
6
Calculate -2 - -2 - (-25 - -24).
1
Calculate -2 + (7 - -1) - (111 + -107).
2
3 + (1 - 0) + -4 + -4
-4
4 - (2 - (-2 + 1 + 1))
2
What is the value of 3 - (0 - -1) - 2 - 4?
-4
What is the value of 0 - -6 - (3 + -2)?
5
What is the value of -6 + 5 - (12 + -20)?
7
0 - (-3 + 11 - 6)
-2
(-6 - 1) + 16 + -5
4
Calculate -2 + (-2 - 2) - (0 + -10).
4
1 - 1 - (-1 + -2)
3
-5 + 6 + (-13 - -3) + 6
-3
What is the value of -4 - (-2 + (3 - (6 - 5)))?
-4
Calculate (8 + 3 - 4) + (-9 - 1).
-3
Calculate 1 - (2 + -3 + 3).
-1
What is (1 - 3) + 2 - (6 - 8)?
2
Evaluate -5 + (2 - 6 - (-9 + 5)).
-5
-7 - (0 + -5 + 3 - 4)
-1
-3 + (2 - (1 + (1 - 1)))
-2
(4 - 3 - -1 - 2) + -3
-3
What is 1 - (1 + 0 - (-8 - -10))?
2
Calculate -53 + 48 + (2 - -1) - 0.
-2
Evaluate (4 - 3) + 0 + 1.
2
Calculate 13 - (-4 + 8) - 11.
-2
Calculate -3 - (3 + -9) - (0 + -2).
5
What is -2 + 1 + -3 + (0 - 0)?
-4
What is 5 - (-3 - (-6 - -3 - 8))?
-3
Calculate -20 - (12 + -5 + -19).
-8
-1 + 0 + -16 + 16
-1
Evaluate (6 + -5 + 6 - 7) + 3.
3
Calculate -4 - (0 - 3) - -2.
1
Evaluate (1 - 0) + -2 - 0.
-1
Calculate 4 + (1 - 2) + -4.
-1
What is 0 + 0 + -2 + (0 - -5)?
3
What is the value of 45 + -44 - (0 - 2)?
3
Evaluate 5 - (7 - 1 - (17 - 13)).
3
Evaluate 5 - (-1 + 5 - 3).
4
What is (6 - (-2 - -15) - -5) + -3?
-5
-5 - (2 - 3 - -2)
-6
What is 1 - ((-10 - -7) + 9 + -13)?
8
Evaluate -3 + 6 + -2 + 7 + -6.
2
Calculate -6 - -6 - (2 - (-5 - -2)).
-5
What is 8 - ((1 + 5 - -6) + -6)?
2
Evaluate -2 - (-4 - (0 + -5)).
-3
3 - -1 - (5 - 0)
-1
Calculate (4 - 1) + (-6 - -3 - -1).
1
Evaluate -1 + (1 + -3 - -5).
2
What is -5 + (7 - -8) + 1?
11
Evaluate 5 + -6 + (1 - 5 - -3).
-2
Evaluate 4 + (5 - 8) + -1 + 4.
4
Calculate 8 - (-2 - -8 - 2).
4
What is the value of 3 - ((5 - 5) + 1 + 3)?
-1
Evaluate -4 + 5 + (5 - 2).
4
Evaluate -4 - (1 - (4 + (1 - -2))).
2
What is 1 + (-5 - -11 - (-1 + 4))?
4
Calculate -4 - (-1 + (1 - 4)).
0
What is the value of (-9 - -8) + 2 + -4?
-3
Calculate 14 + -12 - (1 + 0).
1
Calculate -1 + -2 + -5 + 3.
-5
What is the value of 6 - (7 + -3) - 3?
-1
Calculate 3 - 11 - (-6 - -1).
-3
Calculate (4 - -6) + (-1 - 1 - 1).
7
What is the value of 3 + (2 - -3) + -4 + -11?
-7
Calculate 1 + 0 - (-26 - -28).
-1
What is the value of (-1 - -9) + (-90 - -84)?
2
What is 2 + (4 + -7 - -3 - 3)?
-1
7 + -2 - 6 - -6
5
What is -3 - (-20 + 2 + 10)?
5
What is 3 + 0 + 5 + -8?
0
What is the value of 1 - (-6 - -1) - 7?
-1
What is the value of 3 + -2 + 0 + 0?
1
What is -6 + (5 - (-9 + 4 - -5))?
-1
Calculate -3 + (-3 - -4) + 0 + -2.
-4
What is the value of 110 + -119 + (-1 - 0)?
-10
Calculate (3 - 2) + (-9 - -6).
-2
What is the value of 5 + -4 + (-1 - -3)?
3
Evaluate 13 + (11 - (12 + 10)).
2
Evaluate 4 + -8 + -4 - -5.
-3
What is the value of 4 - (9 + -5 - -3)?
-3
What is (25 - 20) + (1 - 9)?
-3
Evaluate (-13 - -9 - -10) + -3.
3
What is (9 - 32 - -10) + 7?
-6
Evaluate -7 + -3 - (2 + -9).
-3
Evaluate (8 - 0 - (11 - 6)) + -2.
1
Calculate 4 + (6 + -4 - 5).
1
What is 2 + 0 - ((-4 - -3) + 1)?
2
Evaluate 2 - (-2 - ((-3 - 5) + -1)).
-5
What is the value of -2 + 3 - (1 - (-3 + 2))?
-1
-5 - (-15 - (4 + -15))
-1
What is the value of (-7 - -4 